{"id":156,"date":"2023-04-23T14:14:42","date_gmt":"2023-04-23T19:14:42","guid":{"rendered":"https:\/\/avantec.net.ec\/?page_id=156"},"modified":"2025-10-12T13:58:35","modified_gmt":"2025-10-12T18:58:35","slug":"herramientas-de-inteligencia-artificial-para-emprender-tu-negocio","status":"publish","type":"page","link":"https:\/\/avantec.net.ec\/?page_id=156","title":{"rendered":"GOOGLE I.A. STUDIO Y OTRAS"},"content":{"rendered":"\n<p class=\"has-vivid-cyan-blue-color has-pale-cyan-blue-background-color has-text-color has-background\">Google AI Studio es una\u00a0<mark>plataforma web gratuita y basada en la nube que permite a desarrolladores, estudiantes e investigadores crear, experimentar y prototipar aplicaciones usando los modelos de IA de Google<\/mark>, como la familia Gemini.\u00a0Su interfaz intuitiva facilita la interacci\u00f3n con modelos de lenguaje grandes y multimodales, la personalizaci\u00f3n de indicaciones y la generaci\u00f3n de c\u00f3digo para integrar la IA en aplicaciones.\u00a0<\/p>\n\n\n\n<p><a href=\"https:\/\/aistudio.google.com\/prompts\/new_chat\">https:\/\/aistudio.google.com\/prompts\/new_chat<\/a><\/p>\n\n\n\n<p class=\"has-vivid-purple-background-color has-background\"><strong>jasper.ai<\/strong>:  Jasper es la plataforma de inteligencia artificial generativa para empresas que ayuda a su equipo a crear contenido personalizado para su marca 10 veces m\u00e1s r\u00e1pido, donde quiera que trabaje en l\u00ednea usado en youtube como guion<\/p>\n\n\n\n<p><a href=\"https:\/\/www.jasper.ai\/\">https:\/\/www.jasper.ai\/<\/a><\/p>\n\n\n\n<p class=\"has-vivid-green-cyan-background-color has-background\"><strong>uizard.io<\/strong> Visualiza y comunica tus ideas sin esfuerzo. Cargue capturas de pantalla de aplicaciones o sitios web y convi\u00e9rtalas en maquetas editables en cuesti\u00f3n de segundos, todo con el poder de la IA.<\/p>\n\n\n\n<p><a href=\"https:\/\/uizard.io\/\">https:\/\/uizard.io\/<\/a><\/p>\n\n\n\n<p><\/p>\n\n\n\n<p class=\"has-text-align-center\"><mark style=\"background-color:#ffffff\" class=\"has-inline-color has-light-green-cyan-color\"><strong><em>La Mayor Base de Datos Gratis de Herramientas de Inteligencia Artificial<\/em><\/strong><\/mark><\/p>\n\n\n\n<h2 class=\"wp-block-heading\" id=\"block-c876988353e74b19b371af4329bb7a53\"><strong>Encuentra la IA que mejor se adapte a ti y a tu negocio<\/strong><\/h2>\n\n\n\n<p><strong>Explora una amplia variedad de aplicaciones de Inteligencia Artificial organizado por categor\u00edas<\/strong><\/p>\n\n\n\n<p><a href=\"https:\/\/aifindy.com\/\">https:\/\/aifindy.com\/<\/a><\/p>\n\n\n\n<h2 class=\"wp-block-heading\"><\/h2>\n\n\n\n\n\n\n\n<p><\/p>\n","protected":false},"excerpt":{"rendered":"<p>Google AI Studio es una\u00a0plataforma web gratuita y basada en la nube que [&hellip;]<\/p>\n","protected":false},"author":1,"featured_media":0,"parent":0,"menu_order":0,"comment_status":"closed","ping_status":"closed","template":"","meta":{"footnotes":""},"class_list":["post-156","page","type-page","status-publish","hentry"],"_links":{"self":[{"href":"https:\/\/avantec.net.ec\/index.php?rest_route=\/wp\/v2\/pages\/156","targetHints":{"allow":["GET"]}}],"collection":[{"href":"https:\/\/avantec.net.ec\/index.php?rest_route=\/wp\/v2\/pages"}],"about":[{"href":"https:\/\/avantec.net.ec\/index.php?rest_route=\/wp\/v2\/types\/page"}],"author":[{"embeddable":true,"href":"https:\/\/avantec.net.ec\/index.php?rest_route=\/wp\/v2\/users\/1"}],"replies":[{"embeddable":true,"href":"https:\/\/avantec.net.ec\/index.php?rest_route=%2Fwp%2Fv2%2Fcomments&post=156"}],"version-history":[{"count":14,"href":"https:\/\/avantec.net.ec\/index.php?rest_route=\/wp\/v2\/pages\/156\/revisions"}],"predecessor-version":[{"id":579,"href":"https:\/\/avantec.net.ec\/index.php?rest_route=\/wp\/v2\/pages\/156\/revisions\/579"}],"wp:attachment":[{"href":"https:\/\/avantec.net.ec\/index.php?rest_route=%2Fwp%2Fv2%2Fmedia&parent=156"}],"curies":[{"name":"wp","href":"https:\/\/api.w.org\/{rel}","templated":true}]}}